ommon divisor of 39393 and 9180?
27
What is the greatest common divisor of 302481 and 1318?
659
What is the greatest common divisor of 1728 and 2162592?
864
Calculate the highest common divisor of 3692 and 140.
4
Calculate the highest common factor of 234 and 629538.
78
What is the highest common factor of 540 and 1458?
54
Calculate the greatest common divisor of 468 and 11196.
36
What is the highest common divisor of 759430 and 190?
190
What is the highest common factor of 65 and 6834295?
65
What is the greatest common factor of 6804 and 1680?
84
Calculate the greatest common divisor of 834938 and 2210.
442
What is the highest common factor of 5288 and 48?
8
Calculate the highest common factor of 1266 and 3822054.
1266
What is the highest common factor of 329 and 2851678?
47
What is the highest common factor of 1830 and 28950?
30
Calculate the highest common divisor of 638 and 290609.
319
What is the highest common divisor of 3366 and 88128?
306
What is the greatest common factor of 2584 and 10013?
323
What is the greatest common factor of 18258 and 3706?
34
Calculate the greatest common divisor of 27742 and 468.
26
Calculate the greatest common divisor of 86 and 97696.
86
What is the greatest common divisor of 33 and 11957?
11
Calculate the greatest common divisor of 78 and 72878.
26
What is the highest common factor of 240545 and 55?
5
Calculate the highest common divisor of 676340 and 1120.
140
What is the highest common divisor of 149923 and 51?
17
Calculate the highest common factor of 168 and 753375.
21
What is the highest common factor of 8 and 11502040?
8
What is the highest common divisor of 598 and 93472?
46
Calculate the highest common divisor of 753216 and 8.
8
What is the highest common divisor of 198702 and 665?
133
What is the highest common divisor of 192 and 316248?
24
Calculate the highest common factor of 829299 and 5067.
1689
What is the greatest common factor of 8073 and 2781?
27
What is the highest common factor of 409475 and 110?
55
What is the highest common divisor of 996 and 1008?
12
What is the highest common factor of 39 and 45643?
13
What is the greatest common factor of 151055 and 40?
5
What is the greatest common factor of 3215 and 295?
5
What is the greatest common divisor of 30 and 53390?
10
What is the greatest common factor of 277335 and 27?
9
What is the highest common factor of 654 and 416271?
327
What is the highest common divisor of 4417 and 469?
7
Calculate the greatest common factor of 295 and 15095.
5
What is the highest common factor of 651 and 1869?
21
What is the greatest common divisor of 854 and 3453576?
854
Calculate the highest common factor of 327 and 18748.
109
Calculate the greatest common divisor of 56214 and 243.
81
Calculate the greatest common factor of 23287 and 24090.
803
Calculate the highest common factor of 232240 and 1040.
80
What is the highest common divisor of 992391 and 2258?
1129
What is the greatest common divisor of 12 and 8529?
3
Calculate the highest common divisor of 15936 and 3012.
12
Calculate the greatest common factor of 79257 and 87.
87
Calculate the greatest common divisor of 951072 and 864.
96
What is the greatest common divisor of 7 and 31871?
7
Calculate the highest common factor of 92304 and 2304.
144
What is the greatest common factor of 2568843 and 711?
711
Calculate the greatest common factor of 115872 and 11502.
426
What is the highest common divisor of 466 and 276571?
233
What is the greatest common divisor of 149705 and 395?
395
What is the highest common factor of 40 and 20290?
10
What is the greatest common divisor of 1456 and 187694?
26
Calculate the highest common factor of 142 and 2490467.
71
What is the greatest common factor of 49036 and 57523?
943
What is the highest common divisor of 94759 and 1477?
7
Calculate the greatest common divisor of 348042 and 1278.
426
What is the greatest common factor of 3 and 36123?
3
What is the greatest common divisor of 85672 and 1336?
8
Calculate the highest common factor of 32256 and 630.
126
What is the greatest common divisor of 1565 and 21284?
313
What is the greatest common divisor of 144 and 641826?
18
Calculate the highest common divisor of 78057 and 588.
147
What is the greatest common divisor of 16859 and 414?
23
Calculate the greatest common factor of 308 and 3437.
7
Calculate the greatest common factor of 3247 and 10319.
17
What is the greatest common divisor of 6667 and 11639?
113
What is the highest common factor of 197 and 141643?
197
What is the highest common divisor of 35060 and 80?
20
Calculate the greatest common factor of 6105 and 9735.
165
Calculate the highest common factor of 97749 and 27.
9
What is the highest common divisor of 410865 and 156?
39
What is the greatest common factor of 106502 and 17510?
206
Calculate the greatest common factor of 49951 and 627.
209
What is the highest common factor of 86 and 24166?
86
Calculate the highest common divisor of 713 and 19189.
31
Calculate the highest common divisor of 64 and 16016.
16
Calculate the highest common divisor of 46894 and 246.
2
Calculate the greatest common divisor of 12060 and 1876.
268
Calculate the greatest common factor of 154831 and 41026.
281
Calculate the greatest common divisor of 1152 and 4992.
384
What is the highest common factor of 148 and 174011?
37
Calculate the greatest common factor of 2747 and 21038.
67
What is the greatest common divisor of 124010 and 20?
10
Calculate the greatest common factor of 1606 and 429605.
803
Calculate the highest common factor of 1348 and 932.
4
What is the highest common factor of 10 and 1735990?
10
Calculate the greatest common factor of 293318 and 102.
34
Calculate the greatest common factor of 5860 and 365.
5
Calculate the highest common divisor of 353 and 4693841.
353
What is the greatest common divisor of 33 and 267388?
11
Calculate the greatest common divisor of 4868 and 696.
4
Calculate the greatest common factor of 264 and 3018.
6
Calculate the greatest common factor of 1419 and 168.
3
Calculate the highest common factor of 462 and 16842.
42
Calculate the highest common factor of 40726 and 14.
14
What is the highest common factor of 9153396 and 5292?
1764
What is the greatest common factor of 1009767 and 2442?
1221
Calculate the greatest common factor of 5193486 and 18.
18
Calculate the highest common factor of 240 and 216560.
80
What is the greatest common factor of 960 and 74?
2
What is the highest common factor of 477181 and 92?
23
Calculate the greatest common divisor of 30159 and 27.
27
Calculate the greatest common divisor of 1695 and 2235.
15
What is the greatest common divisor of 2142 and 48042?
306
What is the greatest common divisor of 60 and 405500?
20
Calculate the highest common factor of 6832 and 1168.
16
What is the greatest common divisor of 1330 and 364?
14
What is the highest common factor of 888 and 224?
8
What is the highest common divisor of 310 and 508400?
310
Calculate the greatest common divisor of 31977 and 18088.
323
What is the highest common divisor of 7938 and 32130?
378
Calculate the highest common factor of 2598736 and 112.
112
What is the greatest common divisor of 1196810 and 475?
95
Calculate the highest common factor of 11666498 and 1306.
1306
Calculate the greatest common factor of 1522989 and 108.
27
Calculate the greatest common factor of 22896 and 128.
16
Calculate the highest common factor of 2050 and 600.
50
What is the highest common factor of 28218 and 84?
6
What is the highest common divisor of 12000 and 28180?
20
What is the highest common divisor of 204507 and 3?
3
What is the greatest common divisor of 570 and 2445?
15
Calculate the highest common factor of 58783 and 58.
29
Calculate the greatest common factor of 27 and 9123.
3
What is the greatest common divisor of 756 and 200508?
84
Calculate the highest common divisor of 103510 and 130.
10
What is the highest common divisor of 898990 and 40?
10
What is the greatest common factor of 140 and 169190?
70
What is the highest common factor of 332 and 4032?
4
Calculate the greatest common divisor of 16558 and 102.
34
What is the highest common divisor of 580209 and 588?
147
What is the greatest common divisor of 336 and 37184?
112
What is the greatest common divisor of 5396 and 12426